 common factor of c and 161.
23
Let p(c) = -9*c - 10. Suppose -4*v + 2*g = 18, 4*v + 15 = -0*g - g. Let j be p(v). What is the highest common divisor of 182 and j?
26
Suppose -n + q + 0*q = -33, q - 66 = -2*n. Calculate the greatest common factor of n and 1056.
33
Let f = -29 - -53. Let s be ((-7)/(-2))/((-2)/4). Let n = f + s. What is the highest common factor of n and 17?
17
Let x(y) = 3*y**2 + 26*y - 7. Let m be x(-9). Let i(s) = s**2 + 3*s. Let u be i(-5). Calculate the highest common divisor of m and u.
2
Suppose -10*c + 210 = -290. Calculate the greatest common factor of 25 and c.
25
Let s(i) = -6*i - 17. Let v be s(-8). Suppose 3*w + 125 = 4*h - 0*w, -h + w + v = 0. Calculate the greatest common factor of 8 and h.
8
Let j(t) = -t**2 - 26*t - 74. Let v be j(-11). Calculate the highest common factor of 26 and v.
13
Suppose 0 = 5*f - 40 - 35. Let i = 9 + f. Suppose -y + 6 = -6. Calculate the highest common factor of i and y.
12
Let z(l) = -1 + l - 4 + 4*l + 1. Let w be z(5). Suppose -b = 4*b - 735. What is the highest common factor of w and b?
21
Let j(y) = y**2 - 20*y - 105. Let t be j(27). Calculate the highest common factor of t and 56.
28
Let z = 116 + -109. Let y(p) be the second derivative of p**4/12 - p**3 + p**2/2 - p. Let s be y(z). Calculate the highest common factor of 2 and s.
2
Let f = -118 + 154. Let n be (48/f)/((-4)/(-342)). Calculate the greatest common factor of n and 171.
57
Let k = 932 + -185. Suppose -3*i - 2*x + 4 = 0, -2*i + 8 = i + x. Suppose 0 = i*p - k + 207. What is the greatest common divisor of p and 15?
15
Suppose -3*l = 0, -80 = 7*r - 11*r - 3*l. Let f be ((-40)/(-6))/((-2)/(-30)). Calculate the greatest common divisor of r and f.
20
Let z = -52 + 38. Let t be (-8)/1*(12 + z). Calculate the highest common factor of 112 and t.
16
Suppose 0 = 16*d - 25*d + 72. Calculate the greatest common divisor of d and 640.
8
Suppose -30 = -2*a + 102. Let n be 2*(-2 + 4 + a). Let y = -345 - -362. What is the highest common divisor of n and y?
17
Let s = -27 - -31. Suppose 0 = -3*o + 5*o + 8, -3*h = -s*o - 61. Calculate the greatest common divisor of h and 10.
5
Let x(c) = 6*c**2 - 15*c - 41. Let w be x(-12). Calculate the highest common factor of w and 17.
17
Let b(w) = -10*w - 49. Let l be b(-5). Let h be (13 + -6)*3*l. What is the greatest common divisor of 42 and h?
21
Let b(i) = i**2 + 2*i. Suppose 5*t - 19 - 16 = 0. Suppose -c + 3*f = t, -f - f + 26 = 2*c. Let r be b(c). What is the highest common divisor of 10 and r?
10
Let q = 99 - 67. Calculate the greatest common factor of 400 and q.
16
Let f = -833 - -1561. Calculate the greatest common factor of f and 56.
56
Let h(r) = -r**3 + r**2 - 4. Let y be h(0). Let o(k) = -6 - 2 - 1 - 6*k + 3. Let b be o(y). What is the greatest common divisor of 9 and b?
9
Let z = 27 + -18. What is the greatest common divisor of 6 and z?
3
Let x(g) = g + 69. Let v be x(7). What is the greatest common divisor of v and 38?
38
Suppose 0*y = 5*y - 2*r + 18, -5*y - 2*r = 2. Let i be 13 + 2*y/4. Let f = -94 + 106. What is the highest common factor of i and f?
12
Let j = -9 - -9. Let d be (-130)/(-1)*(1 + j). Calculate the greatest common divisor of 52 and d.
26
Suppose -32 = -2*k + n, 2*k + 3*n - 5 = 43. Let r be (-1)/(-3)*-3 + 8 + -2. Suppose 36 = 8*m - r*m. Calculate the greatest common divisor of m and k.
6
Suppose 2*g - 77 = -5*c, -g = -5*c - 2*g + 76. Suppose 27 + 3 = 6*f. What is the highest common divisor of f and c?
5
Let z = -31 - -32. Let f be (-2 - -11)/(-3) - (-4)/z. Calculate the highest common factor of 1 and f.
1
Let b(h) = -27*h**2 + 2*h - 1. Let k be b(1). Let v = 31 + k. Suppose -2*l = 3*l - v. What is the highest common factor of l and 8?
1
Let d(f) = -2*f**3 + 72*f**2 + 4*f - 112. Let k be d(36). Suppose -4*i + 400 = i. What is the greatest common factor of i and k?
16
Suppose 27*k = -882 + 2583. Suppose 142 = h + 16. What is the greatest common divisor of h and k?
63
Suppose -w = 4*p - 4*w - 10, 3*p - 2 = 5*w. Suppose -p*k + 5*k = 40. Let r be (-332)/(-32) + (-3)/8. What is the highest common divisor of r and k?
10
Suppose z + 30 = -2*r + 72, -2*z + 90 = r. Calculate the greatest common factor of 782 and z.
46
Suppose -3*u = -5*b + 2, 11*u - 2 = 2*b + 7*u. Calculate the highest common factor of 7 and b.
1
Suppose -3*s + 331 = -59. Let t(u) = -u**3 + 9*u**2 - 6*u - 11. Let y be t(8). Let x(q) = 3*q - 2. Let m be x(y). What is the highest common factor of s and m?
13
Let x = 1211 + -1205. Calculate the highest common factor of x and 654.
6
Suppose 1437 = 4*d + 117. Calculate the highest common divisor of d and 66.
66
Suppose 4*w - 143 = 217. Let r = 9940 - 9904. Calculate the greatest common factor of r and w.
18
Let h be 56/(-30) - 2/15. Let v = h + 48. What is the highest common divisor of 69 and v?
23
Suppose -4*w - 1 + 5 = 0, w - 81 = -2*c. What is the highest common factor of c and 15?
5
Suppose 24*d = 23*d + 1362. What is the highest common divisor of d and 6?
6
Suppose 2*t - 186 = -5*y, 13*t - 260 = 10*t + 2*y. What is the greatest common divisor of 16 and t?
8
Suppose -b - 4 = 0, 0 = -14*s + 19*s + 4*b - 3554. Calculate the highest common divisor of s and 42.
42
Suppose 14 = -2*x + 3*c, 0 = 3*x + 5*c - 3 + 5. Let z be -5*(x + (-16)/20). Suppose 21*o + 3 = z*o. What is the highest common divisor of o and 5?
1
Let l be 86 - ((-20)/(-15))/(4/6). What is the greatest common factor of l and 18?
6
Let t = -7 - -30. Suppose -s + 2*y + 180 = 0, 3*s - 558 = -4*y + y. Calculate the greatest common divisor of s and t.
23
Let d = 14 + -12. Suppose -8*q = d*q - 350. What is the highest common divisor of q and 14?
7
Let q be ((-119)/(-1))/(((-255)/(-34))/15). What is the greatest common divisor of 1547 and q?
119
Suppose 6 = -34*x + 8846. Let s(u) = -u**3 - u**2 - u - 1. Let l be s(-3). What is the greatest common divisor of l and x?
20
Let j = 15 + -91. Let m = -62 - j. Suppose 2*w + 2*i - 622 = -2*w, -3 = -i. What is the greatest common factor of w and m?
14
Let k = 3 - 0. Let j(c) = -6 - 159*c + 167*c + 20 - 4*c**2 - c**k. Let u be j(-6). What is the greatest common factor of u and 19?
19
Let c = -19 + 25. Suppose -2*m + c*m = 80. Let s be -6*(-3 - m/12). Calculate the greatest common divisor of s and 42.
14
Let u = 84 - 57. Calculate the greatest common divisor of 18 and u.
9
Suppose -3*a - 5*k = -30, -4*a - 8 = -5*a - k. Suppose 3*l = 4*q - 337, a*l - 3 - 22 = 0. What is the highest common factor of 8 and q?
8
Suppose -16*c + 396 = -10*c. Let n = c + -48. Suppose 2*o = 2*q - 13 - 249, -2*o = -3*q + 388. What is the greatest common divisor of n and q?
18
Suppose 5873 = 3*r - m, -62*r + 57*r - 2*m = -9781. What is the greatest common divisor of 19 and r?
19
Suppose -19*w + 409 - 86 = 0. What is the greatest common divisor of w and 187?
17
Suppose -2 = 2*d - 6, 3*v + 4*d - 41 = 0. What is the highest common divisor of v and 22?
11
Let k be ((-2)/(-4))/((-6)/(-12)). Let f be (k/2)/((-2)/(-224)). Let q be -1*(-7)/1*1. What is the greatest common factor of f and q?
7
Suppose -2*j = 3*j. Let d be j + -2 + (26 - 1). Suppose 1931*l - 1916*l - 345 = 0. What is the highest common divisor of d and l?
23
Let m = 107 + -93. Suppose m = -6*i + 13*i. Calculate the highest common factor of i and 4.
2
Let i = 29 + -27. Suppose n + 15 = 5*x, 4*x = -3*n + n - i. Calculate the greatest common divisor of 18 and x.
2
Let x(k) = -8*k + 17. Let n be x(12). Let t = n + 92. Let h be ((-1)/(-2))/((-1)/(-182)). Calculate the highest common factor of t and h.
13
Let p(z) = -z**3 - 10*z**2 + 6*z + 8. Let m be p(-11). Let j = m - 58. Calculate the highest common factor of j and 15.
5
Let x = 25 - -16. Let u = 7 + x. Suppose r = -2*r + u. Calculate the highest common divisor of 176 and r.
16
Let i be -5 - 71*(-8)/(32/20). What is the highest common factor of i and 280?
70
Let y be 1*345/6*6 - 4. What is the greatest common divisor of y and 31?
31
Suppose -4*n = 3*y - 61, 2*y - 47 = 4*n - 7*n. Calculate the greatest common factor of 513 and n.
19
Suppose 138 + 332 = -2*d. Let o = -136 - d. What is the greatest common factor of o and 9?
9
Let w(j) = j**2 - 46*j + 50. Let l be w(45). What is the highest common divisor of l and 155?
5
Suppose 4*j = 37*f - 32*f - 83, 0 = f + j - 22. Calculate the highest comm